 m(z) = 4*z**3 - z**2 + 1. Let c(g) = -g**3 - 1. Let h(p) = c(p) + m(p). Determine h(k).
2
Let p(a) = -a**2 - 11. Let g be ((-12)/(-15))/((-2)/10). Let f(w) = w**2 - w + 10. Let j(v) = g*p(v) - 5*f(v). Give j(4).
-2
Let b(q) be the second derivative of -q**5/20 + 2*q**4/3 - 7*q**3/6 + 3*q**2/2 - 84*q. What is b(7)?
3
Let o be (-30)/(-5) - (-5 + 5). Let m(k) = k**3 - 7*k**2 + 7*k + 1. Give m(o).
7
Let n(g) be the second derivative of -g**3/2 + g**2/2 + g. What is n(-2)?
7
Let c(h) = -4*h + 11*h - 10*h. Determine c(-7).
21
Suppose 45*f = 69*f - 24. Let b(j) = j + 1. Determine b(f).
2
Let g(u) = 32*u - 6. Let p(o) = 10*o + 1. Let c(x) = g(x) - 3*p(x). Suppose 0*b = -n + 4*b + 8, 8 = n - b. Give c(n).
7
Let b(u) = -u**3 - 2*u + u**2 + 75 - 72 + 0*u**3 + 0*u**3. What is b(2)?
-5
Suppose 0 = -2*c + 7*c - k + 28, 4*c - 3*k + 18 = 0. Let w(y) = -y**2 - 12*y - 6. Determine w(c).
30
Let x(r) = 6*r**3 - r**2 - 4*r - 2. Let j(s) = -5*s**3 + 2*s**2 + 3*s + 1. Let v(i) = 5*j(i) + 4*x(i). Determine v(6).
-9
Let f(t) = -4 - 2*t**2 + 10*t - 3*t + t**3 - 10*t. Let p be f(3). Let b = p + 8. Let m(z) = z**3 - 4*z**2 + z. Give m(b).
4
Suppose 0 = 18*w - 72 + 36. Let s(z) = z**3 - 2*z**2 + 3*z - 6. Calculate s(w).
0
Suppose -x + 6 - 2 = 0, y = 4*x + 79. Suppose u - 6*u = -y. Suppose 5*s + u = -11. Let f(d) = d**3 + 7*d**2 + 7*d + 2. Calculate f(s).
-4
Let x(g) = g**2 + 6*g - 10. Let k be (74 + -82)/((-2)/1). Give x(k).
30
Let s(r) be the third derivative of r**5/15 + r**4/24 - r**3/6 + 8*r**2. Let z be (2/3)/(14/105). Suppose d = 6*d - z. Give s(d).
4
Let i(x) be the second derivative of -1/12*x**4 - 2*x - 1/6*x**3 + 0 + 3/2*x**2. Determine i(0).
3
Let u be -3 - (-7 - -3) - 6. Let j(k) be the first derivative of k**4/4 + 2*k**3 + 5*k**2/2 + 7*k - 7. Give j(u).
7
Let x(n) = n**2 + 6*n + 2. Let f(h) = 2*h + 3. Let v be f(6). Suppose -j - v = 3*l, -2*j + 27 = -4*j - 5*l. Let a be x(j). Let b(y) = -4*y + 3. Determine b(a).
-5
Suppose 5*z = -b - 21, -24 = -0*z + 4*z - b. Let n(o) = -o**2 - 4*o + 2. What is n(z)?
-3
Let m(p) = p**3 + 23*p**2 - 22*p + 49. Let q be m(-24). Let t(z) = q - z + 2 - 26*z**2 - z**3 + 6*z + 25*z**2. Calculate t(-3).
6
Let q be 3 + ((-9)/(-6))/((-18)/24). Let g(v) = -6*v**2 - 2*v + 1. What is g(q)?
-7
Let s(k) = -11*k - 1. Let q(f) = 24*f**2 - 4*f**3 - 1 - 28*f**2 + 4*f + 5*f**3. Let i be q(2). What is s(i)?
10
Let z(h) = h**3 + 7*h**2 - 8*h - 3. Let p = 166 - 174. Calculate z(p).
-3
Let d(k) = k + 1. Let q be (-6)/4*(-11)/((-33)/(-4)). Suppose -12 = -q*a + 6*a. Calculate d(a).
-2
Suppose -2*m = -4, 9*s - 2*m + 43 = 6*s. Let n(v) = v**2 + 13*v - 8. Calculate n(s).
-8
Let s(k) be the second derivative of -k**3/6 + 7*k**2/2 + 7*k. Let f be 1*12 + -3 + 2. Let u = f - 5. What is s(u)?
1
Let v = -6 - -10. Let l be ((-6)/v)/((-18)/60). Suppose l*p = 2*g - 4*g, 5*g = -3*p. Let r(z) = -z - 5. What is r(p)?
-5
Let v(o) = 5*o + 15. Let l(u) = -u + 4. Let f(q) = q - 3. Let r(c) = 7*f(c) + 6*l(c). Let y(b) = -11*r(b) + 2*v(b). Give y(-4).
1
Let s(i) = i**3 - 7*i**2 + 2*i - 2. Let b = -169 + 176. What is s(b)?
12
Suppose 102 = 9*r - 258. Let a be r/36*3*(-12)/10. Let h(q) = -q**3 - 4*q**2 - q - 1. What is h(a)?
3
Let h(c) = -25*c + 3. Let v(f) = -71*f + 11. Let d(r) = 17*h(r) - 6*v(r). What is d(13)?
-2
Suppose -2*w - 180 + 188 = 0. Let v(b) be the third derivative of -b**4/12 - b**3/2 + b**2. What is v(w)?
-11
Let p(z) = z**2 + 9*z + 3. Let o be 30 + -36 + (-2 - (0 + 1)). Determine p(o).
3
Let o(r) = 6*r - 12. Let t(j) = -7*j + 10. Let c(i) = -4*o(i) - 5*t(i). Determine c(-1).
-13
Let x(w) = w**3 - 6*w**2 + 6*w - 4. Suppose z - 10 = k, -4*z = 2*k - 1 - 9. Determine x(z).
1
Let q be 0 - (3 + 87/3). Let a = q + 25. Let s(b) = b**2 + 8*b + 2. Give s(a).
-5
Let q(m) = -11*m**2 - 6*m + 2 - 1 - 14 - 2 + 12*m**2. Determine q(10).
25
Let b(j) be the first derivative of -j**3/3 + 7*j**2/2 + 11*j + 507. Suppose 0 = 5*q - 10 - 35. Give b(q).
-7
Let a(i) = 7*i**3 - 7*i**2 + 8*i - 10. Let c(z) = -19*z**3 + 21*z**2 - 24*z + 29. Let o(m) = 8*a(m) + 3*c(m). Give o(6).
-5
Let k be (2 - 7/2)/(81/378). Let m(y) = y - 5. Determine m(k).
-12
Let z(m) = 3*m + 1 - 3 - 7 + 6. Let c = -10 - -14. Let n = c - 2. Determine z(n).
3
Let a = 7 + -3. Suppose -2*m = 4*p + p - 17, -a = -m + 2*p. Suppose m*q - 3*t + 6 = 3*q, 5*t - 10 = 0. Let s(f) = -f**2 - 7. Calculate s(q).
-7
Let r(k) be the first derivative of k**2/2 - 4*k - 161. Give r(9).
5
Let m(w) = -w**3 - 23*w**2 - 24*w - 33. Let l be m(-22). Let k(c) = -c**3 + 9*c**2 + 21*c + 15. Let f be k(l). Let p(x) = -x**2 + 4*x + 1. Determine p(f).
1
Let f = -1 - -1. Let i(w) be the first derivative of 1/2*w**2 + 23 + w - 1/3*w**3. Calculate i(f).
1
Let a be (-4 + 20/3)/(8/12). Let w(z) = -2*z**2 + 9*z - 13. What is w(a)?
-9
Let z(h) = 2*h + 11*h + 7*h - 2 + 3 - 29*h. Give z(-3).
28
Let a(s) be the second derivative of 1/3*s**3 - 8*s + 1/12*s**4 + s**2 + 0. Determine a(-2).
2
Let x be (-33)/6*2*-1. Let r(f) = -5 + x*f**2 - 3*f - 2*f - 4*f**2 - f**3. Suppose -3*k - 73*c + 8 = -75*c, -k - 4*c + 26 = 0. Determine r(k).
1
Suppose 0*w + r = -5*w + 17, 6 = 3*r. Let m(k) = 3*k**2 - 2*k. Determine m(w).
21
Suppose -5*x + 3*l = -9, -3*x - 4*l = x - 20. Suppose o + x*a - 22 = -3, -o - a = -11. Let m(q) = -3*q + 9. Give m(o).
-12
Let f(s) be the first derivative of -s**4/4 - 7*s**3/3 - s**2 - 3*s + 105. Determine f(-7).
11
Let l(g) = -4*g - 18. Let n(a) = -5*a - 19. Suppose -28 = 6*z + z. Let d(w) = z*l(w) + 3*n(w). Calculate d(-7).
8
Let o(j) = -1 - 2*j + 2 + 3*j + 3 - 5. Let b(u) = -4*u + 1. Let i be b(1). Let k = i - -9. What is o(k)?
5
Let d(t) = t**2 - 2*t + 4. Let z be (4/(-10))/(3/(-45)). Let o(v) = -4*v**2 + 8*v - 15. Let q(l) = z*o(l) + 22*d(l). Suppose -60*m + 12 = -54*m. Give q(m).
-2
Let s(w) = -w**3 - 2*w**2 + 7*w + 5. Let k be (25 - 25) + (-1)/(-2)*0. Suppose -m + 19 = -5*f, 9 = -k*f - 2*f - m. Determine s(f).
9
Let v(k) = k**2 - 7*k + 14. Suppose -4*g - 5 = -5*g. Let m be v(g). Let q(u) = -22*u + 3*u**2 + 19*u + 2*u**2 - u**3. Calculate q(m).
4
Let c(d) = -6*d. Let i = -64 - -60. Give c(i).
24
Let j(d) = -d**3 + 8*d**2 + 8*d + 13. Let q(p) = 2*p**3 - 10*p**2 + 2*p - 1. Let v be q(5). Let a be j(v). Let g(n) = -n**3 + 5*n**2 - 3*n + 4. Give g(a).
8
Suppose -3*y - 2*y = -2*y. Suppose 5*s + 3*o + 32 = 9, y = -4*s + 2*o - 14. Let l(p) = p + 1. Calculate l(s).
-3
Let m(k) = k + 1. Let g(r) = 6 + r - 2 - 4. Let i(a) = -a + 3. Let d(n) = 2*g(n) + i(n). Let j be d(3). What is m(j)?
7
Let n be ((-5)/(-2) + -3)*-10. Let m(q) be the first derivative of q**2 + 7*q - 248. Calculate m(n).
17
Let f(i) = -6*i**2 + 2. Let w(s) = -s**2 + s. Let d(u) = f(u) - 5*w(u). Let a be 2/(-7) - (-184)/56. Suppose -10 = a*q + 5. Calculate d(q).
2
Let g(f) = -5*f - 3. Let j be g(-7). Let x = j + -28. Let m(v) be the second derivative of -v**3/6 + 2*v**2 - 2*v. Calculate m(x).
0
Let k(r) be the first derivative of r + 1/2*r**2 + 7. Give k(-7).
-6
Let h be (192/30 - 4)*40/(-16). Let q(w) = -w**2 - 10*w - 13. What is q(h)?
11
Let x(o) = 3*o - 46. Let y(c) = c**2 + 23*c + 34. Let s be y(-22). Determine x(s).
-10
Let h(f) be the first derivative of 2*f**3/3 - 4*f**2 + 3*f - 280. Give h(4).
3
Let t(u) = u**3 + 4*u**2 + 2*u - 4. Let b(n) = 2*n**3 + 9*n**2 + 5*n - 9. Let i(s) = 4*b(s) - 9*t(s). Let v = 631 + -633. What is i(v)?
4
Suppose -301*s = -306*s - 10. Let k(u) = u**3 - 3*u - 1. Determine k(s).
-3
Suppose 30*k = 71*k - 246. Let x be 26/8 - (-1)/(-4). Let m(j) = -2*j + 3*j**3 + j**3 - 6*j**2 + 7 - 3*j**x. Determine m(k).
-5
Let w(b) be the second derivative of b**6/720 - b**5/60 + 5*b**4/12 - 13*b. Let j(t) be the third derivative of w(t). Give j(2).
0
Let v = 43 - 42. Let k(m) = -7*m**2 + 5*m**2 + 8*m**2 + 1. What is k(v)?
7
Suppose 0*r + r - 2 = 0. Let k be ((-1)/r)/((-4)/(-48)). Let y(c) = 5*c + 9. What is y(k)?
-21
Let a(x) = x**3 + 6*x**2 - 2*x - 6. Suppose 3*d + s = 32, 5*d + 0*s = s + 48. Suppose -4*g - 14 = 5*k, -k = -6*g + d*g + 22. What is a(g)?
6
Let g(q) = q + 2. Suppose -2*x - 28 = -6*x. Let p(c) = 3*c - 10. Let z be p(x). Let s be (-3)/9 - z/3. Calculate g(s).
-2
Let y be 4*(-4 - (-3 + 0)). Let w(q) = -q**2 - 7*q - 9. Let x be w(y). Let k(n) = -3*n - 2. Let s(h) = 4*h + 1. Let j(o) = 3*k(o) + 2*s(o). What is j(x)?
-7
Let l be (-5 + 3 + 3)*-5. Let x(h) 